+ w**3/6 + 13*w**2. List the prime factors of d(3).
43
Let l(k) = k**3 + 6*k**2 - 6*k + 7. Let s be l(-7). Let n(t) = -t**3 + t**2 - 24. Let u be n(s). Let a = 1 - u. List the prime factors of a.
5
Suppose -2*m = -3*m. Suppose -3*r - 246 - 180 = m. Let n = r + 212. List the prime factors of n.
2, 5, 7
Suppose 3*u + 5*c = 4876, -13*u - 6453 = -17*u + 3*c. List the prime factors of u.
3, 7, 11
Let a(k) = 6*k**2 + 7*k + 3. Let w be 4/16 + 34/(-8). List the prime factors of a(w).
71
What are the prime factors of 239 - -10*(-2)/5?
5, 47
Let m(f) = -f**2 + 6*f + 9. Let q be m(7). Suppose 2*o + q*y = y + 66, -4*o - 3*y = -132. What are the prime factors of o?
3, 11
List the prime factors of (14 - -4)/6 + 351.
2, 3, 59
Let g be 0 + -15 - (-3 - 0). Let y = 26 + g. What are the prime factors of y?
2, 7
Let q(z) = -360*z + 139. List the prime factors of q(-7).
2659
Suppose -3*k + 4*z = 8, -3*k + 5*z - 10 = 2*k. Suppose -3*x + 0*x = -2*n - 66, k = 2*n. What are the prime factors of x?
2, 11
Let x(r) = -2*r**3 - 65*r**2 + 76*r - 27. What are the prime factors of x(-34)?
857
Let u(v) = -39*v - 22. List the prime factors of u(-6).
2, 53
Let k be 81/2*(7 + -9). Let d = -19 - k. List the prime factors of d.
2, 31
List the prime factors of (3 - 5)/(((-5)/28)/5).
2, 7
Suppose 0*v = -3*v + 9. Suppose -v*b + 12 = 15. What are the prime factors of ((-20)/(-15))/(b/(-24))?
2
What are the prime factors of (0 - 58/6)/((-20)/4260)?
29, 71
Suppose 2*w + 2*c = -c - 17, -3*w = 2*c + 38. Let i(r) = -r**3 - 15*r**2 + 9*r - 30. What are the prime factors of i(w)?
2, 41
Let h(j) be the second derivative of j**5/20 + 5*j**4/6 - 2*j**3/3 - 15*j**2/2 - 6*j. Let x be h(-10). Let c = x - -9. What are the prime factors of c?
2, 17
Suppose 23 = m + 5. List the prime factors of (-8)/(-18) + 1972/m.
2, 5, 11
Suppose -6*j - 143 - 247 = 0. Let a = 95 + j. List the prime factors of a.
2, 3, 5
Let g(s) = 148*s**2 + 6*s. What are the prime factors of g(1)?
2, 7, 11
List the prime factors of 11 - (-12 - 77) - 3/1.
97
Let b = -2118 + 3107. What are the prime factors of b?
23, 43
Suppose 95 = 13*z - 1062. Suppose 3*r - 42 = -2*l + z, l - 62 = 2*r. What are the prime factors of l?
2
Let q = 7235 - 4525. What are the prime factors of q?
2, 5, 271
Let b = -791 - -1552. List the prime factors of b.
761
Let h(a) = a**3 - 7*a**2 + a - 10. Let d be h(7). Let v(m) = -4 - 3*m + 4 - 2*m**3 - m**2 + 4*m. What are the prime factors of v(d)?
2, 3, 7
Let u(o) = 20*o - 6. List the prime factors of u(4).
2, 37
Suppose 2*y = 9*y - 840. Let q = y - 83. What are the prime factors of q?
37
Let r = -8 - -14. Let x(v) = -v + 0*v + 4 - r - 2*v. What are the prime factors of x(-5)?
13
Let b(l) = l**2 - 14*l + 8. Let d be b(9). Let x be 1274/(-156) + 2/12. Let f = x - d. List the prime factors of f.
29
Let a = -6782 + 3149. Let k = -82 + 115. What are the prime factors of a/(-77) + (-6)/k?
47
Suppose -6 = 2*t, 575 = -2*r + 5*t + 1452. What are the prime factors of r?
431
Let f = -293 - -1862. What are the prime factors of f?
3, 523
Let x = -2428 - -3377. List the prime factors of x.
13, 73
Let n = 224 - 84. Let v = -57 + n. List the prime factors of v.
83
Let f(y) = -3*y - 8. Let r be (-3)/5*(11 - 6). Let g be r + -11 + -2 + 4. List the prime factors of f(g).
2, 7
Let n(l) be the first derivative of -l**4/4 - 5*l**3/3 - 7*l**2/2 - l - 1. Suppose 0 = g + 7 - 2, -3*g = 3*z + 30. What are the prime factors of n(z)?
2, 17
Let q be (-1)/(3*(-4)/(-120)). Let a = -6 - q. List the prime factors of -5*((-12)/a - -1).
2, 5
Let x = 30 - 23. Suppose 5*n = -3*i + 431, x*n - 2*n - 4*i - 452 = 0. List the prime factors of n.
2, 11
Let p = -1210 - -2021. List the prime factors of p.
811
Let g(z) = z**2 - 15*z - 7. Let p be g(16). Suppose 6*y + 141 = p*y. What are the prime factors of y?
47
Suppose -j + 2346 + 48 = 0. Suppose -21*u + 12*u + j = 0. What are the prime factors of u?
2, 7, 19
Suppose -s + 11 = 2*a, 0 = -6*a + a - 5*s + 30. Suppose -a*b + 32 = -23. Suppose b*h - 10*h = 54. List the prime factors of h.
2, 3
Suppose 0 = 3*r - 1886 - 7009. What are the prime factors of r?
5, 593
Let x = 214 - -876. List the prime factors of x.
2, 5, 109
Let q(p) = -3 - 3*p + 2*p - 1 + 3*p. Let h be q(12). Suppose -64 = -2*s + 5*a, h = 3*a - 8*a. List the prime factors of s.
2, 11
Let u be (-2)/15 - 288/(-135). Suppose 4*a - u*a - 74 = 0. List the prime factors of a.
37
Let a = 2732 + -1422. List the prime factors of a.
2, 5, 131
Suppose -4*f = 68 - 24. Let l be ((-16)/(-5))/((-6)/45). Let u = f - l. What are the prime factors of u?
13
Let a be -2 + 4 + -1 + -1 + 151. Let t = -98 + a. List the prime factors of t.
53
Suppose 13379 = 5*t - 8016. What are the prime factors of t?
11, 389
Let l(k) = -k**2 + 6*k - 7. Let t be l(3). Suppose 189 = t*f - 59. What are the prime factors of f?
2, 31
Let p = 27 - -770. List the prime factors of p.
797
Suppose 2413 = 15*i - 6182. List the prime factors of i.
3, 191
Let c = 17 + -15. Suppose -5*a - 5*d + 207 + 153 = 0, -5*a + c*d = -339. Let n = -39 + a. What are the prime factors of n?
2, 3, 5
What are the prime factors of (-565)/339 + ((-1313)/(-3) - -1)?
19, 23
Let w = 35 + 4. Suppose -3*t - w = -b, -t + 2*b - 18 = -0*b. Let f = t - -68. List the prime factors of f.
2, 7
Suppose 11*p = 9*p - 12. List the prime factors of (284/p)/((-21)/63).
2, 71
Suppose -1335 = -16*c + 13*c. List the prime factors of c.
5, 89
Let s(r) = -7*r + 10*r + r**2 + 17*r + 3 + 13. What are the prime factors of s(-21)?
37
Suppose 3*t - 156 - 57 = 0. Let f be 12/(-18)*(-318)/4. Suppose -3*v = 5*s - 123, -f - t = -5*s - 4*v. What are the prime factors of s?
2, 3
What are the prime factors of 262*(-4)/24*-18?
2, 3, 131
Let a = 377 - 251. What are the prime factors of a?
2, 3, 7
Let o = 23 + -40. Let w be (-48)/(-408) + (-2)/17. Let y = w - o. What are the prime factors of y?
17
Let p = 0 - 1. Let n(u) = -2*u**2 + 4*u + 2. Let i be n(4). Let h = p - i. What are the prime factors of h?
13
Suppose -3*n - 4*s + 366 = 0, -249 = -2*n + 3*s - 4*s. What are the prime factors of n?
2, 3, 7
What are the prime factors of 35/7 + (-12642)/(3 + -6)?
4219
Let s be ((-70)/28)/(2/148). Let f = -112 - s. What are the prime factors of f?
73
Let q(o) = -o**3 - 2*o**2 + 3. Let a be q(0). Suppose 0 = 4*d - 2*i - 824, 5*i = -2*d - a*d + 1045. What are the prime factors of d?
3, 23
Suppose -q = 3*z + 20, -2*z + 4*z = -q - 14. What are the prime factors of (z/9)/((-6)/(-27)) - -228?
3, 5
Suppose -3*f + 696 = -0*o + 2*o, 0 = -4*o. What are the prime factors of f?
2, 29
Suppose -40*o + 4956 = -3884. What are the prime factors of o?
13, 17
Suppose 3*a = 30 - 3. Let t = -8 + a. List the prime factors of 3 - ((t - 0) + -4).
2, 3
Let t(k) = 5*k**2 - k + 374. List the prime factors of t(0).
2, 11, 17
Suppose 2993 = 4*q + 25*k - 28*k, 0 = -2*q - k + 1489. List the prime factors of q.
2, 373
Let f(g) = 6*g**2 - 21*g - 5. List the prime factors of f(5).
2, 5
Suppose 600 = 4*t + 5*o, -t - o + 182 = 33. Let l = t - 76. List the prime factors of l.
3, 23
Let a be 734/4 - (-4)/(-8). Suppose 0 = 2*k - p + 3*p - 78, -2*p = 5*k - a. Suppose -4*d = 3*b - 119, 2*d + 3*b + k = 90. List the prime factors of d.
2
Let l(g) = -4*g - g**2 - g + 7 + 3*g**2 - 4. Let p be l(3). What are the prime factors of 444/22 + p/(-33)?
2, 5
Suppose 43 = -a - 3*b, 0 = -a + 5*a - 2*b + 130. Let r = a + 47. List the prime factors of r.
13
Let m = -482 + 1066. List the prime factors of m.
2, 73
Let n(a) = -9*a**2 - 2*a - 10. Let r(i) = 11*i**2 + i + 11. Let b(g) = -6*n(g) - 5*r(g). Let l be 2/7 + 47/7. What are the prime factors of b(l)?
5
Let d(k) = -k**2 + 8*k - 15. Let f be d(11). Suppose -2*m + 5*z = -181, 0 = -3*m - z - 0*z + 246. Let x = f + m. List the prime factors of x.
5, 7
Suppose o - 160 = -3*x - x, 0 = 5*x + 5*o - 185. Let h = x - 25. What are the prime factors of h?
2
Suppose 2*l = -x + 63, -3*l - 3*x - 15 + 102 = 0. Let k = l + 77. What are the prime factors of k?
3, 37
Let b(h) = -1196*h - 37. What are the prime factors of b(-1)?
19, 61
Let f(t) = -t + 1. Suppose -3*g + 3*b = 21, 0*b = 3*g - 4*b + 25. Let h(m) = m. Let q(j) = g*h(j) - 6*f(j). What are the prime factors of q(10)?
2, 3
Let k be (-404)/34 - -4 - (-2)/(-17). Let a(q) = -8*q + 5 - 17 - 12. What are the prime factors 